eds digit of a?
1
Suppose -7*a + 3*a = -3*k - 6, 5 = -a + 4*k. Suppose a*h - 472 = -142. What is the units digit of h?
0
Suppose -5*h + 15 = 0, 4*h + h = -5*g. Let f be (25 - 2 - g)*1. Let y = -18 + f. What is the units digit of y?
8
Suppose -2 = -3*w + w. Let s be 8 - w*(2 + -1). Let n = s - 1. What is the units digit of n?
6
Suppose -4*p - y = -5*y - 2272, -3*y + 1116 = 2*p. What is the tens digit of p?
6
Suppose -59 = -n - 8. Let c = n - 2. What is the units digit of c?
9
Let v = -691 + 1495. What is the tens digit of v?
0
Let v(g) = 8*g**2 - 4*g - 14. Let o be v(-10). Let f be (o/(-35))/((-2)/5). Let i = f - 25. What is the tens digit of i?
3
Let f(x) be the second derivative of -x**5/60 - x**4/2 + 3*x**2/2 - 10*x. Let v(i) be the first derivative of f(i). What is the tens digit of v(-8)?
3
Let b(a) = 13*a - 1. Let n be b(1). Suppose 4*h - n = -t + 7, 5*t + 5 = 5*h. What is the units digit of t?
3
Suppose 2*c = 5*c + 609. What is the tens digit of c/(-3) - (-6)/18?
6
Suppose 7*a = 2*a + 615. Suppose -a = -0*r - r. What is the hundreds digit of r?
1
Suppose 3*l + 4*i = 2068, -1682 = -2*l - i - 310. What is the hundreds digit of l?
6
Let t = 445 + 115. What is the tens digit of t?
6
Suppose h + 14 = -4*b, -b - 10*h - 5 = -9*h. Suppose 0*d - 752 = -d. What is the units digit of (b/(-6))/(8/d)?
7
Suppose -73*c + 5*s = -76*c + 6957, 4*s = 4*c - 9308. What is the tens digit of c?
2
Let h(y) be the third derivative of -19*y**4/24 - y**3/6 - 4*y**2. Let b be h(1). Let q = b - -36. What is the units digit of q?
6
Suppose -3*d = d + 4, o - 4*d - 7 = 0. Let c be o + 1*51/3. Suppose 35 = 3*x + 5*i, -2*i - c = -7*i. What is the units digit of x?
5
Let f = -3373 - -4777. What is the tens digit of f?
0
Let s = 16 + 71. Let o = -1 + s. What is the units digit of o?
6
Let y(x) = 2*x**2 - 10*x + 9. Let c be (-3)/(-12)*(-56)/(-2). Let g be y(c). Suppose -3*u + 2*s + g = s, -4*u - 4*s + 60 = 0. What is the units digit of u?
3
Suppose 0 = -3*j - j + 72. Let t be ((-20)/(-30))/((-1)/90*-4). Suppose k = 6*x - 2*x + j, -2*k + x = -t. What is the units digit of k?
6
Let v(q) = -6*q - 6. Let x(s) = -s. Let o(c) = v(c) - 5*x(c). Let y be o(-9). Suppose -4*m + 75 = -y*j, -3*m + 60 = j + 20. What is the units digit of m?
5
Let k be -13 - -1*(-1)/(-1). Let g(x) = x**2 + 2*x + 16. Let i be g(k). Suppose 15*m - 11*m = i. What is the units digit of m?
4
Let m = 208 + 174. What is the hundreds digit of m?
3
Suppose 2*c + 4*k = -26 + 72, 2*c - 41 = -3*k. Suppose 1 = -3*y + 4. Let w = y + c. What is the tens digit of w?
1
Suppose -3*z = -2*m + 139 + 50, -3*z + 462 = 5*m. What is the tens digit of m?
9
Let r(o) = -o + 3. Let j be r(11). Let v be 15/6 - j/(-16). Suppose -v*f = -3*i - 73, 2*f + 2*i - 3*i = 67. What is the units digit of f?
2
What is the units digit of (0/(-1))/(-10 + 12) + 913?
3
Let i = 8 + -7. What is the units digit of (2 - i - (-24)/(-18))*-174?
8
Let h = -54 + 71. Let z = h - -80. What is the tens digit of z?
9
Let r be (-25)/4 + 3/12. Let x(s) = s + 1. Let y(h) = -18*h - 15. Let p(i) = 9*x(i) + y(i). What is the tens digit of p(r)?
4
Suppose 3*d - d - t = -1, -9 = -3*t. Let n be (13 + d)*-1 + -3. Let m = n - -24. What is the units digit of m?
7
Let l(p) = -p**3 - 6*p**2 - 5*p + 7. Let u be l(-5). Suppose -u*g + 13*g - 516 = 0. What is the units digit of g?
6
Suppose -n - 4*n = 0. Suppose 0*y + 4*y - 24 = 3*s, -5*s = n. Let p = y + 6. What is the tens digit of p?
1
Let b(v) = v - 60. Let u be b(0). Let j = u - -101. What is the units digit of j?
1
What is the hundreds digit of ((-4659)/6)/((-10)/40)?
1
Let b(q) = 15*q**2 + 2. Let c = -9 + 11. Let s be b(c). Suppose s + 24 = 2*v. What is the tens digit of v?
4
Let j(t) = t**3 + 8*t**2 - 9*t + 3. Let b be j(-9). Suppose 0 = -3*q + d - 3, 0*q + q - 9 = -b*d. Suppose 4*w + q*w = 84. What is the units digit of w?
1
Let s be (2/(-8))/(123/(-60) - -2). What is the units digit of (4*s/(-40))/((-1)/442)?
1
Let f = 1 - -3. Suppose 0 = -j + o + 27, f*o + 2 = -10. What is the tens digit of j?
2
Let j(h) = h**3 + 18*h**2 + 57*h - 4. What is the tens digit of j(12)?
0
Suppose 11*f = 9*f + 10. Suppose f*u = 62 + 248. What is the units digit of u?
2
Suppose 148 = 4*z - 2*a, -2*a + 86 = 5*z - 3*z. Suppose 0 = 3*w - 54 - z. What is the units digit of w?
1
Let i = 830 - 42. What is the hundreds digit of i?
7
Suppose -3390 = 5*x - 9*x - 2*t, -x = -3*t - 865. What is the hundreds digit of x?
8
Suppose 23 = -h + 2*h. Let m = -16 + h. Suppose -f = -4*j + 16, -m*j + 3*j = 4*f + 4. What is the units digit of j?
3
Suppose -262 = -2*t + 2*f, -t - t + 274 = 2*f. Suppose -t + 6 = -2*m. What is the units digit of m?
4
Let a(y) be the first derivative of -y**3/3 - 6*y**2 - 10*y + 4. What is the tens digit of a(-6)?
2
Suppose 10*d = 5*d + 45. Suppose -d*l = -l - 112. What is the tens digit of l?
1
Suppose 5*t - 44 - 76 = 0. Suppose -5*u - t + 369 = -2*d, u + d = 69. What is the tens digit of u?
6
Let u = -6 - -8. Suppose 0 = 4*i - 3*c - 113, -u*c = -2*i + 3*c + 53. Let k = i + -8. What is the tens digit of k?
2
Let k = 1957 - 1367. Suppose 3*h + 6*c - 5*c = k, -h + 2*c + 199 = 0. What is the tens digit of h?
9
Suppose -5*r = 5*x - 40, 4*x + 0 = -r + 17. Suppose x*t - 132 = -3*t. What is the units digit of t?
2
Let s = -87 + 1129. What is the units digit of s?
2
Suppose 0 = -i + j, -4*j - 8 = 4*i + 16. What is the units digit of 54/12*(-22)/i?
3
Suppose -s + 5*d = 6, -d + 6 = -5*s - 0*d. Let j = s - -5. Suppose 98 = j*c - 14. What is the units digit of c?
8
Let b = -184 + 530. What is the tens digit of b?
4
Suppose 0 = 14*v - 28*v + 25802. What is the tens digit of v?
4
Suppose 5*m + 20*m - 16975 = 0. What is the tens digit of m?
7
Let t = 62 + -58. Suppose 0 = -4*c + 18 + 2. Suppose 0 = -t*d + 3*j + 143, 0 = c*d - 6*d - 4*j + 12. What is the tens digit of d?
3
Let k = 19 - 16. Let h(x) = -1 + k + 1 - 3*x. What is the units digit of h(-10)?
3
Let q = -27 - -26. Let p be -9*q/6*2. Suppose -p*h - 239 = -5*s + h, -4*h = 5*s - 231. What is the tens digit of s?
4
Suppose 4*y - 4*r - 20 = 0, 0*y + 2*y = -2*r - 2. Suppose 5*h - 2*o = 192, 3*o + 148 = 2*h + y*h. What is the units digit of h?
0
Let q(l) = 2*l**2 - 2*l - 3. Let k be q(-2). Let w(t) = 2*t - 12. Let g be w(k). What is the units digit of (g/(-4))/((-1)/2)?
3
Let q = -50 - -52. What is the tens digit of -1 + q + 52 + 0?
5
Let y(a) = 14*a**2 - 7*a - 4. Let p be y(-3). Suppose -3*m = -0 + 9, 4*t - 5*m - p = 0. What is the units digit of t?
2
Let a be 2*(52/8 - 0). Let z = a + -8. Suppose 0 = -5*q - z*g + 115 - 45, -5*q + 2*g + 84 = 0. What is the units digit of q?
6
Suppose 0 = 11*q + 24*q - 30660. What is the tens digit of q?
7
Suppose 216 = -2*y - 2*y. What is the units digit of (y/(-5))/(18/120)?
2
Suppose 0 = 12*m - 10420 - 3404. What is the units digit of m?
2
Let k = -6999 + 10645. What is the thousands digit of k?
3
Suppose 0 = 7*y - 6*y - 3, -5*y = 5*q - 16455. What is the tens digit of q?
8
Let m(r) = 267*r + 73. What is the units digit of m(3)?
4
Let a(u) = u**2 - 6*u + 4. Let c be a(6). Let i(b) be the second derivative of -b**5/20 + b**4/2 - b**3/2 - 3*b**2/2 - 3*b. What is the units digit of i(c)?
7
Let k = -553 - -1841. What is the units digit of k?
8
Suppose -44*s = 17065 - 92393. What is the thousands digit of s?
1
Suppose -2*r - 4 = 2. Let g(v) = -12*v. What is the units digit of g(r)?
6
Suppose 3*k = 16 - 283. Let a = 21 - k. What is the units digit of a?
0
Let i(l) = -l**2 + 2*l. Let t be i(-4). Let g = 26 + t. Suppose -g*c + 12 = 5*b, -b + 3*b = -2*c. What is the units digit of b?
4
What is the hundreds digit of 2515/((-6 - -9) + 2)?
5
Suppose 0 = 2*l + 1733 - 6389. What is the units digit of 6/(-21) + -2 + l/14?
4
What is the units digit of (-54386)/(-16) + ((-85)/40 - -2)?
9
Suppose i - 2*x - 120 = 0, -4*i + 0*x + 4*x = -464. What is the tens digit of i?
1
Let h(n) = 27*n - 147. What is the tens digit of h(15)?
5
Suppose 2*o - 6 = -o. Suppose -10 = -x + o. Suppose 0*i + x = i. What is the tens digit of i?
1
What is the tens digit of (57/(-133))/((-5)/5985)?
1
What is the hundreds digit of (2/(-6))/(10/(-120)) + 992?
9
Suppose i - 129 = -2*i. Suppose -i + 158 = 5*l. What is the tens digit of l?
2
Let s = 147 + -60. What is the units digit of s?
7
Suppose 4 = 5*i